- (-56 - -25 - -20).
-40
Calculate -3 + (-81 - -75) + -6.
-15
-53 - -7 - (-114 - -32)
36
What is -13 + (18 - 9) - ((6 - -13) + 3 + -8)?
-18
Evaluate -44 - (10 + -17 + 88 + -76).
-49
Calculate (99 - (-14 + 80)) + -68.
-35
What is the value of (-26 - -3) + (-12 - -27) + -4 + -10 + -8?
-30
45 + (1 - 54) - (1 + 80 + 3 + -2)
-90
Evaluate -11 - -5 - ((-30 - (18 + -36)) + 130).
-124
What is the value of 8 - (48 - (34 + 24) - (-2 + 2 + -42))?
-24
75 + (-25 - (19 + 12))
19
What is the value of 39 + (-6 + -23 - 0) + 59?
69
Calculate (98 - (115 - 18)) + 112.
113
What is -18 + 25 - -40 - 38?
9
Calculate (-16 - -7) + -70 - ((54 - -2) + -46).
-89
Evaluate (-58819 - -58817) + (-1 - (1 - -1 - -88)).
-93
Calculate 29 + (-7 - (11 - -1)).
10
Evaluate 39 - (70 - (-37 - -30)).
-38
Evaluate -29 + (-35 - -58) + 0 + 10.
4
Evaluate 3 + 68 + (29 - ((5 + 6 - 6) + 12)).
83
Evaluate -6 - (-6 + (-3 - 5) + (27 + -21 - 9)).
11
Evaluate 2 + (-51 - (19 + -55)).
-13
Calculate ((-21 - -11) + 5 - 12) + 13 - (-69 - -2).
63
Evaluate -195 - -219 - (-2 + -3).
29
Evaluate -20 + 13 + (0 - 9 - 6) + -45.
-67
What is -7 - -33 - (612 + -693)?
107
(-4 + -3 + -9 - -4) + (16 - 1) - -118
121
What is the value of (100 - 2 - (13 - (58 + -36))) + 1 + 3?
111
Evaluate 46 + -19 + -65 - (17 + 6).
-61
What is 38 - (-28 - (-42 + -49))?
-25
Calculate (77 - 36) + -98 - -12.
-45
What is the value of (-70 - (1 - 5) - 43) + 42?
-67
What is 37 + 0 - ((-15 - (4 + -5)) + (23 - 10))?
38
Calculate 70 + (-141 - -74 - 23).
-20
What is the value of (5 - (3 + 9 + -14) - 10) + 6 - 4?
-1
Calculate -25 - 10 - (-98 - -96 - (1 - 1 - 6)).
-39
What is 10 - ((46 - 6 - 3) + -2 - (-19 - -14))?
-30
What is (-27 - 80) + 92 + -11?
-26
What is the value of -5 - 2 - (-9 - (2 + -9)) - (-49 - -21)?
23
What is (-12 - (3 - 3) - (-76 + 27 + 24)) + -40?
-27
Evaluate 10 + -56 + 5 + (-20 - (-4 - 8)).
-49
Evaluate 6 - (73 + -30 - 70) - (4 - 2 - 1).
32
Evaluate 143 + -177 - (-8 + 6).
-32
What is -30 + (11 - (19 - 22)) + 0 + (-1 - 0)?
-17
What is the value of 68 - (53 - (21 + -7))?
29
What is the value of 2 + (0 + 5 - 10) + 20 + -80?
-63
What is the value of (3 - 2 - 4) + -6 + -5 - (-10 + 114)?
-118
What is the value of -18 + -3 + -2 + -5 - -31?
3
-10 + (19 - (-22 + (-7 - -8)))
30
Calculate 9 + (0 - 33 - -11) + (6 - -2) + 68.
63
-20 - (-56 + (-10 - -8))
38
1 + -59 + ((-12 - -11) + 6 - 4)
-57
Calculate 15 - (-7 + -23 + 33).
12
Calculate -17 - ((-11 - -24) + (-42 - -17 - -8)).
-13
Calculate 7 + -5 + -192 + 142.
-48
What is the value of (86 - (86 + 3)) + -90?
-93
What is the value of -130 - (-168 - 38) - -1?
77
Calculate -32 - (-8 + -5) - (-68 - -22).
27
What is the value of -79 - (24 + -153 + 92)?
-42
What is the value of (-6 - -22 - 8 - (-5 + 19 + -5)) + -1?
-2
Evaluate -62 + (-16 - -53 - -40).
15
What is the value of -8 + 10 - (4 + 31 + -3 + -2 + -3)?
-25
What is the value of -110 + (-185 - -296) + (0 - -1)?
2
What is -6 + 45 + (4 + -12 - (-10 + -9))?
50
3 + (-12 + 22 - 5 - 7 - (-4 - -21))
-16
Evaluate 13 - 0 - (-68 + (69 + -24 - -21)).
15
Calculate 48 + (-41 - -1) - (-2 - -16).
-6
Evaluate (14 + -93 - -98) + (-2 - -6) + -112.
-89
Evaluate (12 - (66 - 7)) + -8 + 7 + -13.
-61
Calculate -7382 - -7315 - (1 - 66).
-2
What is -4 + (1 - 7) + 7 + (12 - 61)?
-52
What is 66 - (-105 - (54 + -135))?
90
What is the value of 236 + -173 + (-1 - 24) - 71?
-33
Evaluate 49 + 21 + -45 + -18.
7
Evaluate (-1 - -43) + 29 + 11 + -39.
43
Calculate 34 + -70 + 42 - (-48 - 0).
54
What is the value of (-44 + 52 - 59) + -2?
-53
(1 - (6 - 25 - (-13 - -2))) + 14
23
12 + -90 - (-351 - -305)
-32
What is the value of 81 + -38 + -209 - -99?
-67
What is the value of -19 - (-32 + 21 + 37 - 20 - -56)?
-81
Calculate 0 + 1 + -3 + 88 - (611 + -606).
81
Calculate (-18 - -7) + (12 + (-56 - 18) - 28).
-101
Evaluate 75 + -79 + 2 + 62 - (15 + -7 - 2).
54
(-28 + 27 - (4 - 0) - 23) + 5
-23
What is the value of -102 + (-20 + 30 - -21)?
-71
Evaluate -48 - -64 - (-68 + 17 + -15).
82
Evaluate 48 + -3 + 8 + -8 + -5 + 1 - 1.
40
-4 + 8 + -60 + (45 - 30) + -12
-53
Evaluate -66 + (33 - -43) - -14.
24
(13 - 9) + (-10 - -2) + (-125 - -136) + -59
-52
Calculate -4 + 83 + 10 + -59.
30
What is the value of (-20 - (-4 - 24)) + -39 + 56?
25
What is the value of 8 - (-4 + 88 + 6 + -27)?
-55
What is 3 - 12 - -16 - ((2 - 7) + (4 - -1))?
7
What is the value of (-21 - -17) + -2 + (3 - (-6 + 7 + -7))?
3
What is 8 + -15 + (-35 - -75) - 142?
-109
(32 - 95) + 66 - (1 + -7)
9
What is 83 + (11 - 64) - 47?
-17
((-1 - 1) + -88 - -3) + (-27 - -84) + -44
-74
12 + (-9 - -1) + -96 - (-17 + 10)
-85
What is (18 - (12 - -9) - -5 - -26) + 1 + 3?
32
Evaluate (9 - (-2 + -5 + 8 + -8 + 9)) + 0.
7
What is 2 + 29 + (-43 - (-55 + 32)) - (127 + -1)?
-115
What is -91 + (4 + -18 - (27 + -52 + 11))?
-91
Evaluate (-18 - (-22 - -39)) + (6 - -141).
112
26 - (6 - (-31 + 26)) - (-4 - (-3 + 12))
28
What is 1 - 1 - 2 - (13 + 4 - (49 - 34))?
-4
What is (0 - -2) + -6 + 4 + -20 + (-2 - -10)?
-12
Evaluate 103 - (-1 + -21 + 31 + (-2 - -4)).
92
What is the value of 3 - (-5 - 6) - (67 + (13 - 25)) - 13?
-54
Calculate 385 + -353 + (-31 - 4).
-3
What is -4 + 18 + 0 + (-84 - 12)?
-82
Evaluate (-101 - -7) + 90 - 95.
-99
What is 42 - (-4 + (54 - 4) - -15)?
-19
What is -40 + 178 - 6 - 62?
70
What is 28 + -18 - ((4 - 13) + 12 - 12 - 87)?
106
27 - 7 - (-8 + (7 - 4) - -116)
-91
(-17 - -9) + 19 - (27 - (3 + 31))
18
Calculate 35 - (79 + -13 + -43).
12
Evaluate -18 + 55 - (-219 + 365).
-109
(7 - 5) + (60 - (64 - 57))
55
Calculate 75 + (-182 - 7) + 67.
-47
Calculate 2 - (9 + -29 + 17 + 0 + -2).
7
Evaluate (1392 - 1438) + 1 + 1 + 3.
-41
Evaluate 15 + (-28 + -41 - 20 - -9).
-65
Calculate -134 - (9 + 6 + -23) - (85 - 105).
-106
What is -24 - (-282 + 250 + (12 - -1))?
-5
Calculate 65 + (-83 + 45 - 57).
-30
-21 - (-15 - (-4 + 7)) - -26
23
-45 - -28 - -14 - (-93 + -20)
110
(-3 - ((3 - 25 - -2) + 95)) + 9
-69
What is the value of 46 + 4 + (5 - (-10 - -3) - (96 + -73))?
39
Calculate (-28 - -112) + -22 - ((1 - 4) + 8).
57
Calculate 29 - (38 - 9) - (-12 + (4 - 25)).
33
Evaluate 66 + -9 + (-298 - -182).
-59
Calculate 5 + -29 + 32 + 37.
45
What is the value of 109 + (-37 - 55) + 1 + -108?
-90
What is 22 + (-48 - (76 - 62))?
-40
Evaluate 134 + -171 - -45 - (-1 - -32).
-23
Evaluate -1 - (20 + -1 - -8 - 11).
-17
What is 1 - (11 + (19 + 0 - (-62 - -64)))?
-27
Calculate -41 - (40 + (24 - 53) + -117).
65
Calculate 3 + (2 - (-138 - -29)).
114
Evaluate 30 + -76 + (-152 - -241).
43
86 + (-7 - (25 - 53 - -36))
71
What is the value of 739 - 763 - (-15 + (1 - 2))?
-8
What is the value of -24 + 30 + (36 - -2)?
44
Calculate -7 - (-58 + 16) - (174 + -86).
-53
What is the value of (-17 - 32) + -353 + 320?
-82
What is (0 - 1 - (-26 + 14 - -25) - -8) + 69?
63
Evaluate 46 + (61 + -78 - 33).
-4
Calculate 4 + (60 - 1) + -59 + (0 - 44).
-40
What is the value of 5 + -7 + 2 + 1 - -28?
29
Evaluate 30 - 28 - (-2 - 2) - (-91 + 10 + 1).
86
Evaluate 45 + (11 - (5 + 9 + -8 - -13)).
37
What is the value of (22 - (3 + 3 + 2)) + (-1 - -7 - -1)?
21
Calculate 4 + 12 + -76 + (2 - -21) + -8.
-45
What is the value of 27 + 22 + -61 + 15 - 115?
-112
Evaluate 6 - (104 - (21 - -32)).
-45
Evaluate 2 + 14 - (-109 - -146) - 36.
-57
What is (-5 - -24) + 1 + -11 + 8 + 7?
24
What is the value of 24 + 38 + -36 - -13?
39
Calculate (-2 - -19) + (-23 - -22) + (90 - 35).
71
What is 12 + (31 - (18 + (4 - 13)))?
34
Evaluate 2 - (23 + (-3 - (12 - (-8 - -12)))).
-10
Evaluate (54 - -16 - -9 - 32) + -18.
29
Evaluate -32 - -47 - (13 + -13).
15
What is -40 + -19 + 12 + 20 + 14?
-13
What is -20 - ((-6 - 14) + -47 + 12)?
35
(-10 - -39) + 144 + -150
23
What is 0 + 11 + (-43 - (-10 - 16) - -61)?
55
What is the value of 1 - 8 - (-167 + 111) - -15?
64
What is 75 + (-68 - 8 - -36) + 39?
74
-1711 - -1732 - (-25 + -1)
47
(-10 + 5 + -9 + 8 - -3) + (0 - -13)
10
-3 + -2 - (3 + 17 + (14 - -10) + -34)
-15
What is the value of -35 + -40 - (-30 - -6)?
-51
What is (11 - 58) + 134 + -70?
17
(-6 - (-100 + 97 - (0 - 1))) + -8
-12
Calculate 58 - (-1 - ((-21 - -14) + -7 - -8)).
53
Calculate 6 + 25 + -64 + 42 + 10.
19
5 - ((-2 - 16) + (31 - -61))
-69
What is -88 + (-18 + (21 - 17) + 12 - 0)?
-90
Calculate ((-3 - 29) + 17 - (0 + -13)) + (-20 - 39).
-61
Calculate -1 + 1 + -15 - 0 - 9 - (-2 - -1).
-23
Calculate (-68 - -42) + 9 + -11.
-28
Evaluate -56 - 3